{"id":107,"date":"2025-07-25T11:13:36","date_gmt":"2025-07-25T16:13:36","guid":{"rendered":"http:\/\/localhost\/elcontainer\/?post_type=product&#038;p=107"},"modified":"2025-08-30T23:47:37","modified_gmt":"2025-08-31T04:47:37","slug":"creed-vetiver","status":"publish","type":"product","link":"https:\/\/elcontainermed.com\/index.php\/producto\/creed-vetiver\/","title":{"rendered":"Creed Vetiver"},"content":{"rendered":"<p><strong>Creed Original Vetiver<\/strong><\/p>\n<p>\ud83d\udce6 <strong>Presentaci\u00f3n<\/strong>: 100 ml<\/p>\n<p>\ud83d\udca7 <strong>Concentraci\u00f3n<\/strong>: Eau de Parfum<\/p>\n<p>\ud83c\udf38 <strong>Notas de salida:<\/strong> Bergamota, mandarina, jengibre<\/p>\n<p>\ud83d\udc96 <strong>Notas de coraz\u00f3n:<\/strong> Vetiver de Hait\u00ed, iris, s\u00e1ndalo<\/p>\n<p>\ud83c\udf3f <strong>Notas de fondo:<\/strong> Almizcle, \u00e1mbar gris, cedro<\/p>\n<p>Una fragancia limpia y sofisticada, donde el vetiver se muestra fresco y moderno, acompa\u00f1ado de c\u00edtricos chispeantes y maderas suaves. Elegante, vers\u00e1til y perfecta para transmitir frescura natural con un toque refinado.<\/p>\n","protected":false},"excerpt":{"rendered":"<p>Vetiver reinterpretado con frescura y elegancia: un cl\u00e1sico moderno de Creed.<\/p>\n","protected":false},"featured_media":150,"comment_status":"open","ping_status":"closed","template":"","meta":{"_joinchat":[]},"product_brand":[85],"product_cat":[16,17,63],"product_tag":[],"class_list":{"0":"post-107","1":"product","2":"type-product","3":"status-publish","4":"has-post-thumbnail","6":"product_brand-creed","7":"product_cat-hombre","8":"product_cat-mujer","9":"product_cat-unisex","10":"entry","11":"has-media","13":"first","14":"instock","15":"shipping-taxable","16":"purchasable","17":"product-type-simple","18":"col","19":"span_1_of_3","20":"wvn-content-left","21":"wvn-thumbs-layout-horizontal","22":"wvn-btn-normal","23":"wvn-tabs-layout-horizontal","24":"has-no-thumbnails","25":"circle-sale"},"_links":{"self":[{"href":"https:\/\/elcontainermed.com\/index.php\/wp-json\/wp\/v2\/product\/107","targetHints":{"allow":["GET"]}}],"collection":[{"href":"https:\/\/elcontainermed.com\/index.php\/wp-json\/wp\/v2\/product"}],"about":[{"href":"https:\/\/elcontainermed.com\/index.php\/wp-json\/wp\/v2\/types\/product"}],"replies":[{"embeddable":true,"href":"https:\/\/elcontainermed.com\/index.php\/wp-json\/wp\/v2\/comments?post=107"}],"wp:featuredmedia":[{"embeddable":true,"href":"https:\/\/elcontainermed.com\/index.php\/wp-json\/wp\/v2\/media\/150"}],"wp:attachment":[{"href":"https:\/\/elcontainermed.com\/index.php\/wp-json\/wp\/v2\/media?parent=107"}],"wp:term":[{"taxonomy":"product_brand","embeddable":true,"href":"https:\/\/elcontainermed.com\/index.php\/wp-json\/wp\/v2\/product_brand?post=107"},{"taxonomy":"product_cat","embeddable":true,"href":"https:\/\/elcontainermed.com\/index.php\/wp-json\/wp\/v2\/product_cat?post=107"},{"taxonomy":"product_tag","embeddable":true,"href":"https:\/\/elcontainermed.com\/index.php\/wp-json\/wp\/v2\/product_tag?post=107"}],"curies":[{"name":"wp","href":"https:\/\/api.w.org\/{rel}","templated":true}]}}