{"id":108,"date":"2025-07-25T11:13:36","date_gmt":"2025-07-25T16:13:36","guid":{"rendered":"http:\/\/localhost\/elcontainer\/?post_type=product&#038;p=108"},"modified":"2025-08-30T23:52:18","modified_gmt":"2025-08-31T04:52:18","slug":"creed-aventus","status":"publish","type":"product","link":"https:\/\/elcontainermed.com\/index.php\/producto\/creed-aventus\/","title":{"rendered":"Creed Aventus"},"content":{"rendered":"<p><strong>Creed Aventus<\/strong><\/p>\n<p>\ud83d\udce6 <strong>Presentaci\u00f3n<\/strong>: 100 ml<\/p>\n<p>\ud83d\udca7 <strong>Concentraci\u00f3n<\/strong>: Eau de Parfum<\/p>\n<p>\ud83c\udf38 <strong>Notas de salida:<\/strong> Pi\u00f1a, grosella negra, manzana, bergamota<\/p>\n<p>\ud83d\udc96 <strong>Notas de coraz\u00f3n:<\/strong> Abedul, pachul\u00ed, rosa, jazm\u00edn de Marruecos<\/p>\n<p>\ud83c\udf3f <strong>Notas de fondo:<\/strong> Almizcle, musgo de roble, \u00e1mbar gris, vainilla<\/p>\n<p>Una fragancia ic\u00f3nica y magn\u00e9tica que combina frutas jugosas con maderas ahumadas y un fondo almizclado. Poderosa, elegante y dise\u00f1ada para transmitir \u00e9xito y confianza.<\/p>\n","protected":false},"excerpt":{"rendered":"<p>La fuerza de la pi\u00f1a y el abedul en una estela \u00fanica de poder y distinci\u00f3n.<\/p>\n","protected":false},"featured_media":151,"comment_status":"open","ping_status":"closed","template":"","meta":{"_joinchat":[]},"product_brand":[85],"product_cat":[16],"product_tag":[],"class_list":{"0":"post-108","1":"product","2":"type-product","3":"status-publish","4":"has-post-thumbnail","6":"product_brand-creed","7":"product_cat-hombre","8":"entry","9":"has-media","11":"first","12":"instock","13":"shipping-taxable","14":"purchasable","15":"product-type-simple","16":"col","17":"span_1_of_3","18":"wvn-content-left","19":"wvn-thumbs-layout-horizontal","20":"wvn-btn-normal","21":"wvn-tabs-layout-horizontal","22":"has-no-thumbnails","23":"circle-sale"},"_links":{"self":[{"href":"https:\/\/elcontainermed.com\/index.php\/wp-json\/wp\/v2\/product\/108","targetHints":{"allow":["GET"]}}],"collection":[{"href":"https:\/\/elcontainermed.com\/index.php\/wp-json\/wp\/v2\/product"}],"about":[{"href":"https:\/\/elcontainermed.com\/index.php\/wp-json\/wp\/v2\/types\/product"}],"replies":[{"embeddable":true,"href":"https:\/\/elcontainermed.com\/index.php\/wp-json\/wp\/v2\/comments?post=108"}],"wp:featuredmedia":[{"embeddable":true,"href":"https:\/\/elcontainermed.com\/index.php\/wp-json\/wp\/v2\/media\/151"}],"wp:attachment":[{"href":"https:\/\/elcontainermed.com\/index.php\/wp-json\/wp\/v2\/media?parent=108"}],"wp:term":[{"taxonomy":"product_brand","embeddable":true,"href":"https:\/\/elcontainermed.com\/index.php\/wp-json\/wp\/v2\/product_brand?post=108"},{"taxonomy":"product_cat","embeddable":true,"href":"https:\/\/elcontainermed.com\/index.php\/wp-json\/wp\/v2\/product_cat?post=108"},{"taxonomy":"product_tag","embeddable":true,"href":"https:\/\/elcontainermed.com\/index.php\/wp-json\/wp\/v2\/product_tag?post=108"}],"curies":[{"name":"wp","href":"https:\/\/api.w.org\/{rel}","templated":true}]}}