{"id":137,"date":"2025-07-25T11:14:00","date_gmt":"2025-07-25T16:14:00","guid":{"rendered":"http:\/\/localhost\/elcontainer\/?post_type=product&#038;p=137"},"modified":"2025-08-30T23:04:19","modified_gmt":"2025-08-31T04:04:19","slug":"bleu-de-chanel","status":"publish","type":"product","link":"https:\/\/elcontainermed.com\/index.php\/producto\/bleu-de-chanel\/","title":{"rendered":"Bleu de Chanel"},"content":{"rendered":"<p><strong>Bleu de Chanel \u2013 Chanel<\/strong><\/p>\n<p>\ud83d\udce6 <strong>Presentaci\u00f3n<\/strong>: 100 ml<\/p>\n<p>\ud83d\udca7 <strong>Concentraci\u00f3n<\/strong>: Eau de Toilette<\/p>\n<p>\ud83c\udf38 <strong>Notas de salida:<\/strong> Toronja, lim\u00f3n, menta, pimienta rosa<\/p>\n<p>\ud83d\udc96 <strong>Notas de coraz\u00f3n:<\/strong> Jengibre, nuez moscada, jazm\u00edn, Iso E Super<\/p>\n<p>\ud83c\udf3f <strong>Notas de fondo:<\/strong> Incienso, vetiver, cedro, s\u00e1ndalo, pachul\u00ed, almizcle blanco, l\u00e1dano<\/p>\n<p>Una fragancia fresca y audaz que combina una apertura c\u00edtrica y mentolada con un coraz\u00f3n especiado arom\u00e1tico. Su estela se vuelve profunda y elegante gracias a una base c\u00e1lida y amaderada que aporta car\u00e1cter refinado.<\/p>\n","protected":false},"excerpt":{"rendered":"<p>C\u00edtricos vibrantes y menta fresca que evolucionan hacia un coraz\u00f3n especiado y se asientan sobre una base amaderada c\u00e1lida y sofisticada.<\/p>\n","protected":false},"featured_media":178,"comment_status":"open","ping_status":"closed","template":"","meta":{"_joinchat":[]},"product_brand":[71],"product_cat":[16],"product_tag":[],"class_list":{"0":"post-137","1":"product","2":"type-product","3":"status-publish","4":"has-post-thumbnail","6":"product_brand-chanel","7":"product_cat-hombre","8":"entry","9":"has-media","11":"first","12":"instock","13":"shipping-taxable","14":"purchasable","15":"product-type-simple","16":"col","17":"span_1_of_3","18":"wvn-content-left","19":"wvn-thumbs-layout-horizontal","20":"wvn-btn-normal","21":"wvn-tabs-layout-horizontal","22":"has-no-thumbnails","23":"circle-sale"},"_links":{"self":[{"href":"https:\/\/elcontainermed.com\/index.php\/wp-json\/wp\/v2\/product\/137","targetHints":{"allow":["GET"]}}],"collection":[{"href":"https:\/\/elcontainermed.com\/index.php\/wp-json\/wp\/v2\/product"}],"about":[{"href":"https:\/\/elcontainermed.com\/index.php\/wp-json\/wp\/v2\/types\/product"}],"replies":[{"embeddable":true,"href":"https:\/\/elcontainermed.com\/index.php\/wp-json\/wp\/v2\/comments?post=137"}],"wp:featuredmedia":[{"embeddable":true,"href":"https:\/\/elcontainermed.com\/index.php\/wp-json\/wp\/v2\/media\/178"}],"wp:attachment":[{"href":"https:\/\/elcontainermed.com\/index.php\/wp-json\/wp\/v2\/media?parent=137"}],"wp:term":[{"taxonomy":"product_brand","embeddable":true,"href":"https:\/\/elcontainermed.com\/index.php\/wp-json\/wp\/v2\/product_brand?post=137"},{"taxonomy":"product_cat","embeddable":true,"href":"https:\/\/elcontainermed.com\/index.php\/wp-json\/wp\/v2\/product_cat?post=137"},{"taxonomy":"product_tag","embeddable":true,"href":"https:\/\/elcontainermed.com\/index.php\/wp-json\/wp\/v2\/product_tag?post=137"}],"curies":[{"name":"wp","href":"https:\/\/api.w.org\/{rel}","templated":true}]}}