{"id":160,"date":"2025-07-25T11:14:24","date_gmt":"2025-07-25T16:14:24","guid":{"rendered":"http:\/\/localhost\/elcontainer\/?post_type=product&#038;p=160"},"modified":"2025-08-30T16:55:31","modified_gmt":"2025-08-30T21:55:31","slug":"acqua-di-gio","status":"publish","type":"product","link":"https:\/\/elcontainermed.com\/index.php\/producto\/acqua-di-gio\/","title":{"rendered":"Acqua di Gio"},"content":{"rendered":"<p><strong>Acqua di Gi\u00f2 \u2013 Giorgio Armani\u00a0<\/strong><\/p>\n<p>\ud83d\udce6 <strong>Presentaci\u00f3n<\/strong>: 100 ml<\/p>\n<p>\ud83d\udca7 <strong>Concentraci\u00f3n<\/strong>: Eau de Toilette<\/p>\n<p>\ud83c\udf38 <strong>Notas de salida:<\/strong> Lima, lim\u00f3n, bergamota, neroli, mandarina, jazm\u00edn, naranja<\/p>\n<p>\ud83d\udc96 <strong>Notas de coraz\u00f3n:<\/strong> Acordes marinos, calone, romero, jazm\u00edn, durazno, fresia, ciclamen, violeta, cilantro, rosa, nuez moscada, reseda<\/p>\n<p>\ud83c\udf3f <strong>Notas de fondo:<\/strong> Almizcle blanco, cedro, musgo de roble, pachul\u00ed, \u00e1mbar<\/p>\n<p>Una fragancia legendaria que evoca el mar Mediterr\u00e1neo y el sol en la piel: abre con una frescura acu\u00e1tica y c\u00edtrica, evoluciona hacia un coraz\u00f3n arom\u00e1tico-herbal equilibrado con sal marina, y se asienta en un fondo amaderado almizclado con calidez sutil.<\/p>\n","protected":false},"excerpt":{"rendered":"<p>Libre y refrescante: una brisa marina c\u00edtrica que desemboca en una base amaderada y sensualmente limpia.<\/p>\n","protected":false},"featured_media":200,"comment_status":"open","ping_status":"closed","template":"","meta":{"_joinchat":[]},"product_brand":[69],"product_cat":[16],"product_tag":[],"class_list":{"0":"post-160","1":"product","2":"type-product","3":"status-publish","4":"has-post-thumbnail","6":"product_brand-giorgio-armani","7":"product_cat-hombre","8":"entry","9":"has-media","11":"first","12":"instock","13":"shipping-taxable","14":"purchasable","15":"product-type-simple","16":"col","17":"span_1_of_3","18":"wvn-content-left","19":"wvn-thumbs-layout-horizontal","20":"wvn-btn-normal","21":"wvn-tabs-layout-horizontal","22":"has-no-thumbnails","23":"circle-sale"},"_links":{"self":[{"href":"https:\/\/elcontainermed.com\/index.php\/wp-json\/wp\/v2\/product\/160","targetHints":{"allow":["GET"]}}],"collection":[{"href":"https:\/\/elcontainermed.com\/index.php\/wp-json\/wp\/v2\/product"}],"about":[{"href":"https:\/\/elcontainermed.com\/index.php\/wp-json\/wp\/v2\/types\/product"}],"replies":[{"embeddable":true,"href":"https:\/\/elcontainermed.com\/index.php\/wp-json\/wp\/v2\/comments?post=160"}],"wp:featuredmedia":[{"embeddable":true,"href":"https:\/\/elcontainermed.com\/index.php\/wp-json\/wp\/v2\/media\/200"}],"wp:attachment":[{"href":"https:\/\/elcontainermed.com\/index.php\/wp-json\/wp\/v2\/media?parent=160"}],"wp:term":[{"taxonomy":"product_brand","embeddable":true,"href":"https:\/\/elcontainermed.com\/index.php\/wp-json\/wp\/v2\/product_brand?post=160"},{"taxonomy":"product_cat","embeddable":true,"href":"https:\/\/elcontainermed.com\/index.php\/wp-json\/wp\/v2\/product_cat?post=160"},{"taxonomy":"product_tag","embeddable":true,"href":"https:\/\/elcontainermed.com\/index.php\/wp-json\/wp\/v2\/product_tag?post=160"}],"curies":[{"name":"wp","href":"https:\/\/api.w.org\/{rel}","templated":true}]}}