{"id":2976,"date":"2025-08-26T23:50:57","date_gmt":"2025-08-27T04:50:57","guid":{"rendered":"https:\/\/elcontainermed.com\/?post_type=product&#038;p=2976"},"modified":"2025-12-05T01:36:22","modified_gmt":"2025-12-05T06:36:22","slug":"lattafa-yara-candy","status":"publish","type":"product","link":"https:\/\/elcontainermed.com\/index.php\/producto\/lattafa-yara-candy\/","title":{"rendered":"Lattafa Yara Candy"},"content":{"rendered":"<p><strong>Lattafa Yara Candy<\/strong><\/p>\n<p>\ud83d\udce6 <strong>Presentaci\u00f3n<\/strong>: 100 ml<\/p>\n<p>\ud83d\udca7 <strong>Concentraci\u00f3n<\/strong>: Eau de Parfum.<\/p>\n<p>\ud83c\udf38 <strong>Notas de salida:<\/strong> Grosella negra y mandarina verde.<\/p>\n<p>\ud83d\udc96 <strong>Notas de coraz\u00f3n:<\/strong> Caramelo de fresa burbujeante (Strawberry Fizz Candy) y gardenia.<\/p>\n<p>\ud83c\udf3f <strong>Notas de fondo:<\/strong> Vainilla \/ jarabe de vainilla, almizcle, \u00e1mbar y s\u00e1ndalo.<\/p>\n<p>Fragancia floral frutal gourmand que abre con un estallido jugoso y brillante de grosella negra y mandarina verde, evoluciona hacia un centro dulce y cremoso con caramelo efervescente de fresa y flower gardenia, y se asienta en una base c\u00e1lida de vainilla, \u00e1mbar, almizcle y s\u00e1ndalo.<\/p>\n","protected":false},"excerpt":{"rendered":"<p>Dulce y juguetona, mezcla de frutas confitadas y caramelo de fresa con un fondo c\u00e1lido de vainilla y s\u00e1ndalo.<\/p>\n","protected":false},"featured_media":2975,"comment_status":"open","ping_status":"closed","template":"","meta":{"_joinchat":[]},"product_brand":[99],"product_cat":[17],"product_tag":[],"class_list":{"0":"post-2976","1":"product","2":"type-product","3":"status-publish","4":"has-post-thumbnail","6":"product_brand-lattafa","7":"product_cat-mujer","8":"entry","9":"has-media","11":"first","12":"instock","13":"sale","14":"shipping-taxable","15":"purchasable","16":"product-type-simple","17":"col","18":"span_1_of_3","19":"wvn-content-left","20":"wvn-thumbs-layout-horizontal","21":"wvn-btn-normal","22":"wvn-tabs-layout-horizontal","23":"has-no-thumbnails","24":"circle-sale"},"_links":{"self":[{"href":"https:\/\/elcontainermed.com\/index.php\/wp-json\/wp\/v2\/product\/2976","targetHints":{"allow":["GET"]}}],"collection":[{"href":"https:\/\/elcontainermed.com\/index.php\/wp-json\/wp\/v2\/product"}],"about":[{"href":"https:\/\/elcontainermed.com\/index.php\/wp-json\/wp\/v2\/types\/product"}],"replies":[{"embeddable":true,"href":"https:\/\/elcontainermed.com\/index.php\/wp-json\/wp\/v2\/comments?post=2976"}],"wp:featuredmedia":[{"embeddable":true,"href":"https:\/\/elcontainermed.com\/index.php\/wp-json\/wp\/v2\/media\/2975"}],"wp:attachment":[{"href":"https:\/\/elcontainermed.com\/index.php\/wp-json\/wp\/v2\/media?parent=2976"}],"wp:term":[{"taxonomy":"product_brand","embeddable":true,"href":"https:\/\/elcontainermed.com\/index.php\/wp-json\/wp\/v2\/product_brand?post=2976"},{"taxonomy":"product_cat","embeddable":true,"href":"https:\/\/elcontainermed.com\/index.php\/wp-json\/wp\/v2\/product_cat?post=2976"},{"taxonomy":"product_tag","embeddable":true,"href":"https:\/\/elcontainermed.com\/index.php\/wp-json\/wp\/v2\/product_tag?post=2976"}],"curies":[{"name":"wp","href":"https:\/\/api.w.org\/{rel}","templated":true}]}}