{"id":2994,"date":"2025-08-27T00:29:53","date_gmt":"2025-08-27T05:29:53","guid":{"rendered":"https:\/\/elcontainermed.com\/?post_type=product&#038;p=2994"},"modified":"2025-09-05T11:14:18","modified_gmt":"2025-09-05T16:14:18","slug":"jean-paul-elixir","status":"publish","type":"product","link":"https:\/\/elcontainermed.com\/index.php\/producto\/jean-paul-elixir\/","title":{"rendered":"Le Male Elixir"},"content":{"rendered":"<p><strong>Jean Paul Gaultier Le Male Elixir<\/strong><\/p>\n<p><strong>Presentaci\u00f3n<\/strong>: 125 ml<\/p>\n<p><strong>Concentraci\u00f3n<\/strong>: Parfum<\/p>\n<p><strong>Notas de salida:<\/strong> Lavanda y menta<\/p>\n<p><strong>Notas de coraz\u00f3n:<\/strong> Vainilla y benju\u00ed<\/p>\n<p><strong>Notas de fondo:<\/strong> Haba tonka, miel y tabaco<\/p>\n<p>Una reinterpretaci\u00f3n intensa y seductora del cl\u00e1sico Le Male. Comienza con la frescura arom\u00e1tica de la menta y lavanda, evoluciona hacia un coraz\u00f3n c\u00e1lido y cremoso de vainilla y benju\u00ed, y culmina en una base gourmand amaderada con toques de haba tonka, miel y tabaco. Es envolvente, adictivo y sofisticado, ideal para noches especiales y climas fr\u00edos .<\/p>\n","protected":false},"excerpt":{"rendered":"<p>Un perfume intenso y seductor con notas de lavanda, vainilla y tabaco, ideal para noches especiales.<\/p>\n","protected":false},"featured_media":2985,"comment_status":"open","ping_status":"closed","template":"","meta":{"_joinchat":[]},"product_brand":[96],"product_cat":[16],"product_tag":[],"class_list":{"0":"post-2994","1":"product","2":"type-product","3":"status-publish","4":"has-post-thumbnail","6":"product_brand-jean-paul-gaultier","7":"product_cat-hombre","8":"entry","9":"has-media","11":"first","12":"instock","13":"shipping-taxable","14":"purchasable","15":"product-type-simple","16":"col","17":"span_1_of_3","18":"wvn-content-left","19":"wvn-thumbs-layout-horizontal","20":"wvn-btn-normal","21":"wvn-tabs-layout-horizontal","22":"has-no-thumbnails","23":"circle-sale"},"_links":{"self":[{"href":"https:\/\/elcontainermed.com\/index.php\/wp-json\/wp\/v2\/product\/2994","targetHints":{"allow":["GET"]}}],"collection":[{"href":"https:\/\/elcontainermed.com\/index.php\/wp-json\/wp\/v2\/product"}],"about":[{"href":"https:\/\/elcontainermed.com\/index.php\/wp-json\/wp\/v2\/types\/product"}],"replies":[{"embeddable":true,"href":"https:\/\/elcontainermed.com\/index.php\/wp-json\/wp\/v2\/comments?post=2994"}],"wp:featuredmedia":[{"embeddable":true,"href":"https:\/\/elcontainermed.com\/index.php\/wp-json\/wp\/v2\/media\/2985"}],"wp:attachment":[{"href":"https:\/\/elcontainermed.com\/index.php\/wp-json\/wp\/v2\/media?parent=2994"}],"wp:term":[{"taxonomy":"product_brand","embeddable":true,"href":"https:\/\/elcontainermed.com\/index.php\/wp-json\/wp\/v2\/product_brand?post=2994"},{"taxonomy":"product_cat","embeddable":true,"href":"https:\/\/elcontainermed.com\/index.php\/wp-json\/wp\/v2\/product_cat?post=2994"},{"taxonomy":"product_tag","embeddable":true,"href":"https:\/\/elcontainermed.com\/index.php\/wp-json\/wp\/v2\/product_tag?post=2994"}],"curies":[{"name":"wp","href":"https:\/\/api.w.org\/{rel}","templated":true}]}}