{"id":305,"date":"2025-07-25T11:16:42","date_gmt":"2025-07-25T16:16:42","guid":{"rendered":"http:\/\/localhost\/elcontainer\/?post_type=product&#038;p=305"},"modified":"2025-08-29T13:58:22","modified_gmt":"2025-08-29T18:58:22","slug":"tommy-girl","status":"publish","type":"product","link":"https:\/\/elcontainermed.com\/index.php\/producto\/tommy-girl\/","title":{"rendered":"Tommy Girl"},"content":{"rendered":"<p><strong>Tommy Girl \u2013 Tommy Hilfiger<\/strong><\/p>\n<p>\ud83d\udce6 <strong>Presentaci\u00f3n:<\/strong> 100 ml<\/p>\n<p>\ud83d\udca7 <strong>Concentraci\u00f3n<\/strong>: Eau de Toilette<\/p>\n<p>\ud83c\udf38 <strong>Notas de salida:<\/strong> Manzano en flor, camelia, mandarina, grosella negra<\/p>\n<p>\ud83d\udc96 <strong>Notas de coraz\u00f3n:<\/strong> Madreselva, azucena, violeta, menta, toronja, lim\u00f3n, rosa<\/p>\n<p>\ud83c\udf3f <strong>Notas de fondo:<\/strong> Magnolia, jazm\u00edn, cedro, s\u00e1ndalo, cuero<\/p>\n<p>Una fragancia fresca que evoca sensaciones de limpieza y juventud. Comienza con una explosi\u00f3n chispeante de frutos y flores blancas, suaviza con un coraz\u00f3n delicado floral-herbal, y termina con una base c\u00e1lida y sutilmente amaderada. Reconocida como un \u00edcono de los a\u00f1os 90 por su vibra energizante y cotidiana.<\/p>\n","protected":false},"excerpt":{"rendered":"<p>Sutil y nost\u00e1lgica: frescor frutal floral que evoluciona en una base amaderada suave.<\/p>\n","protected":false},"featured_media":2969,"comment_status":"open","ping_status":"closed","template":"","meta":{"_joinchat":[]},"product_brand":[108],"product_cat":[17],"product_tag":[],"class_list":{"0":"post-305","1":"product","2":"type-product","3":"status-publish","4":"has-post-thumbnail","6":"product_brand-tommy-hilfiger","7":"product_cat-mujer","8":"entry","9":"has-media","11":"first","12":"instock","13":"shipping-taxable","14":"purchasable","15":"product-type-simple","16":"col","17":"span_1_of_3","18":"wvn-content-left","19":"wvn-thumbs-layout-horizontal","20":"wvn-btn-normal","21":"wvn-tabs-layout-horizontal","22":"has-no-thumbnails","23":"circle-sale"},"_links":{"self":[{"href":"https:\/\/elcontainermed.com\/index.php\/wp-json\/wp\/v2\/product\/305","targetHints":{"allow":["GET"]}}],"collection":[{"href":"https:\/\/elcontainermed.com\/index.php\/wp-json\/wp\/v2\/product"}],"about":[{"href":"https:\/\/elcontainermed.com\/index.php\/wp-json\/wp\/v2\/types\/product"}],"replies":[{"embeddable":true,"href":"https:\/\/elcontainermed.com\/index.php\/wp-json\/wp\/v2\/comments?post=305"}],"wp:featuredmedia":[{"embeddable":true,"href":"https:\/\/elcontainermed.com\/index.php\/wp-json\/wp\/v2\/media\/2969"}],"wp:attachment":[{"href":"https:\/\/elcontainermed.com\/index.php\/wp-json\/wp\/v2\/media?parent=305"}],"wp:term":[{"taxonomy":"product_brand","embeddable":true,"href":"https:\/\/elcontainermed.com\/index.php\/wp-json\/wp\/v2\/product_brand?post=305"},{"taxonomy":"product_cat","embeddable":true,"href":"https:\/\/elcontainermed.com\/index.php\/wp-json\/wp\/v2\/product_cat?post=305"},{"taxonomy":"product_tag","embeddable":true,"href":"https:\/\/elcontainermed.com\/index.php\/wp-json\/wp\/v2\/product_tag?post=305"}],"curies":[{"name":"wp","href":"https:\/\/api.w.org\/{rel}","templated":true}]}}