{"id":3087,"date":"2025-08-31T19:09:31","date_gmt":"2025-09-01T00:09:31","guid":{"rendered":"https:\/\/elcontainermed.com\/?post_type=product&#038;p=3087"},"modified":"2025-08-31T19:10:28","modified_gmt":"2025-09-01T00:10:28","slug":"donna-born-in-roma","status":"publish","type":"product","link":"https:\/\/elcontainermed.com\/index.php\/producto\/donna-born-in-roma\/","title":{"rendered":"Donna Born in Roma"},"content":{"rendered":"<p><strong>Valentino Donna Born in Roma<\/strong><\/p>\n<p>\ud83d\udce6 <strong>Presentaci\u00f3n:<\/strong> 100 ml<br \/>\n\ud83d\udca7 <strong>Concentraci\u00f3n:<\/strong> Eau de Parfum<\/p>\n<p>\ud83c\udf38 <strong>Notas de salida:<\/strong> Grosella negra, bergamota, pimienta rosa<br \/>\n\ud83d\udc96 <strong>Notas de coraz\u00f3n:<\/strong> Jazm\u00edn jazm\u00edn, t\u00e9 de jazm\u00edn, jazm\u00edn de la India<br \/>\n\ud83c\udf3f <strong>Notas de fondo:<\/strong> Vainilla Bourbon, cachemira suave, madera c\u00e1lida<\/p>\n<p>Un perfume femenino contempor\u00e1neo que combina la frescura vibrante de los c\u00edtricos y grosella negra con un coraz\u00f3n luminoso de jazm\u00edn en varias facetas, reposando sobre un fondo cremoso de vainilla y maderas suaves. Elegante, urbano y lleno de car\u00e1cter.<\/p>\n","protected":false},"excerpt":{"rendered":"<p>Un floral moderno y adictivo: la luminosidad del jazm\u00edn se fusiona con la calidez de la vainilla y la fuerza de la ciudad eterna.<\/p>\n","protected":false},"featured_media":3086,"comment_status":"open","ping_status":"closed","template":"","meta":{"_joinchat":[]},"product_brand":[109],"product_cat":[17],"product_tag":[],"class_list":{"0":"post-3087","1":"product","2":"type-product","3":"status-publish","4":"has-post-thumbnail","6":"product_brand-valentino","7":"product_cat-mujer","8":"entry","9":"has-media","11":"first","12":"instock","13":"shipping-taxable","14":"purchasable","15":"product-type-simple","16":"col","17":"span_1_of_3","18":"wvn-content-left","19":"wvn-thumbs-layout-horizontal","20":"wvn-btn-normal","21":"wvn-tabs-layout-horizontal","22":"has-no-thumbnails","23":"circle-sale"},"_links":{"self":[{"href":"https:\/\/elcontainermed.com\/index.php\/wp-json\/wp\/v2\/product\/3087","targetHints":{"allow":["GET"]}}],"collection":[{"href":"https:\/\/elcontainermed.com\/index.php\/wp-json\/wp\/v2\/product"}],"about":[{"href":"https:\/\/elcontainermed.com\/index.php\/wp-json\/wp\/v2\/types\/product"}],"replies":[{"embeddable":true,"href":"https:\/\/elcontainermed.com\/index.php\/wp-json\/wp\/v2\/comments?post=3087"}],"wp:featuredmedia":[{"embeddable":true,"href":"https:\/\/elcontainermed.com\/index.php\/wp-json\/wp\/v2\/media\/3086"}],"wp:attachment":[{"href":"https:\/\/elcontainermed.com\/index.php\/wp-json\/wp\/v2\/media?parent=3087"}],"wp:term":[{"taxonomy":"product_brand","embeddable":true,"href":"https:\/\/elcontainermed.com\/index.php\/wp-json\/wp\/v2\/product_brand?post=3087"},{"taxonomy":"product_cat","embeddable":true,"href":"https:\/\/elcontainermed.com\/index.php\/wp-json\/wp\/v2\/product_cat?post=3087"},{"taxonomy":"product_tag","embeddable":true,"href":"https:\/\/elcontainermed.com\/index.php\/wp-json\/wp\/v2\/product_tag?post=3087"}],"curies":[{"name":"wp","href":"https:\/\/api.w.org\/{rel}","templated":true}]}}