{"id":3222,"date":"2025-09-04T21:12:19","date_gmt":"2025-09-05T02:12:19","guid":{"rendered":"https:\/\/elcontainermed.com\/?post_type=product&#038;p=3222"},"modified":"2025-09-04T21:12:58","modified_gmt":"2025-09-05T02:12:58","slug":"hugo-dark-blue","status":"publish","type":"product","link":"https:\/\/elcontainermed.com\/index.php\/producto\/hugo-dark-blue\/","title":{"rendered":"Hugo Dark Blue"},"content":{"rendered":"<p><strong>Hugo Dark Blue \u2013 Hugo Boss<\/strong><\/p>\n<p>\ud83d\udce6 <strong>Presentaci\u00f3n:<\/strong> 75 ml<br \/>\n\ud83d\udca7 <strong>Concentraci\u00f3n:<\/strong> Eau de Toilette<\/p>\n<p>\ud83c\udf38 <strong>Notas de salida:<\/strong> Jengibre, toronja, naranja, lima, lim\u00f3n<br \/>\n\ud83d\udc96 <strong>Notas de coraz\u00f3n:<\/strong> Cipr\u00e9s, caoba, cardamomo, geranio, salvia<br \/>\n\ud83c\udf3f <strong>Notas de fondo:<\/strong> Vainilla, cedro, benju\u00ed, vetiver, pachul\u00ed<\/p>\n<p>Un aroma envolvente que combina una chispa c\u00edtrica y especiada con un coraz\u00f3n arom\u00e1tico amaderado, desembocando en un fondo c\u00e1lido y elegante dominado por vainilla y maderas profundas. Ideal para evocar confianza en ambientes formales y nocturnos.<\/p>\n","protected":false},"excerpt":{"rendered":"<p>C\u00edtrico y especiado en la apertura, viril y sofisticado en la estela: una estela c\u00edtrica con fondo c\u00e1lido y elegante.<\/p>\n","protected":false},"featured_media":3223,"comment_status":"open","ping_status":"closed","template":"","meta":{"_joinchat":[]},"product_brand":[92],"product_cat":[16],"product_tag":[],"class_list":{"0":"post-3222","1":"product","2":"type-product","3":"status-publish","4":"has-post-thumbnail","6":"product_brand-hugo-boss","7":"product_cat-hombre","8":"entry","9":"has-media","11":"first","12":"instock","13":"shipping-taxable","14":"purchasable","15":"product-type-simple","16":"col","17":"span_1_of_3","18":"wvn-content-left","19":"wvn-thumbs-layout-horizontal","20":"wvn-btn-normal","21":"wvn-tabs-layout-horizontal","22":"has-no-thumbnails","23":"circle-sale"},"_links":{"self":[{"href":"https:\/\/elcontainermed.com\/index.php\/wp-json\/wp\/v2\/product\/3222","targetHints":{"allow":["GET"]}}],"collection":[{"href":"https:\/\/elcontainermed.com\/index.php\/wp-json\/wp\/v2\/product"}],"about":[{"href":"https:\/\/elcontainermed.com\/index.php\/wp-json\/wp\/v2\/types\/product"}],"replies":[{"embeddable":true,"href":"https:\/\/elcontainermed.com\/index.php\/wp-json\/wp\/v2\/comments?post=3222"}],"wp:featuredmedia":[{"embeddable":true,"href":"https:\/\/elcontainermed.com\/index.php\/wp-json\/wp\/v2\/media\/3223"}],"wp:attachment":[{"href":"https:\/\/elcontainermed.com\/index.php\/wp-json\/wp\/v2\/media?parent=3222"}],"wp:term":[{"taxonomy":"product_brand","embeddable":true,"href":"https:\/\/elcontainermed.com\/index.php\/wp-json\/wp\/v2\/product_brand?post=3222"},{"taxonomy":"product_cat","embeddable":true,"href":"https:\/\/elcontainermed.com\/index.php\/wp-json\/wp\/v2\/product_cat?post=3222"},{"taxonomy":"product_tag","embeddable":true,"href":"https:\/\/elcontainermed.com\/index.php\/wp-json\/wp\/v2\/product_tag?post=3222"}],"curies":[{"name":"wp","href":"https:\/\/api.w.org\/{rel}","templated":true}]}}