{"id":3257,"date":"2025-09-11T12:25:50","date_gmt":"2025-09-11T17:25:50","guid":{"rendered":"https:\/\/elcontainermed.com\/?post_type=product&#038;p=3257"},"modified":"2026-04-13T15:49:35","modified_gmt":"2026-04-13T20:49:35","slug":"lattafa-mayar-natural-intense","status":"publish","type":"product","link":"https:\/\/elcontainermed.com\/index.php\/producto\/lattafa-mayar-natural-intense\/","title":{"rendered":"Mayar Natural Intense"},"content":{"rendered":"<p><strong>Lattafa \u2013 Mayar Natural Intense<\/strong><\/p>\n<p>\ud83d\udce6 <strong>Presentaci\u00f3n:<\/strong> 100 ml<\/p>\n<p>\ud83d\udca7 <strong>Concentraci\u00f3n:<\/strong> Eau de Parfum \u2013 Floral Frutal Amaderado<\/p>\n<p>\ud83c\udf38 <strong>Notas de salida:<\/strong> Mandarina, frambuesa, lichi<\/p>\n<p>\ud83d\udc96 <strong>Notas de coraz\u00f3n:<\/strong> Rosa, jazm\u00edn, peon\u00eda<\/p>\n<p>\ud83c\udf3f <strong>Notas de fondo:<\/strong> Vainilla, \u00e1mbar, almizcle, maderas claras<\/p>\n<p>Un equilibrio refinado de frutas brillantes y flores sofisticadas, envueltas en un fondo c\u00e1lido de vainilla y \u00e1mbar. Su car\u00e1cter intenso lo convierte en un perfume envolvente, sensual y moderno.<\/p>\n","protected":false},"excerpt":{"rendered":"<p>Intensidad radiante: dulzura frutal con un fondo c\u00e1lido y adictivo.<\/p>\n","protected":false},"featured_media":3256,"comment_status":"open","ping_status":"closed","template":"","meta":{"_joinchat":[]},"product_brand":[99],"product_cat":[17],"product_tag":[],"class_list":{"0":"post-3257","1":"product","2":"type-product","3":"status-publish","4":"has-post-thumbnail","6":"product_brand-lattafa","7":"product_cat-mujer","8":"entry","9":"has-media","11":"first","12":"instock","13":"sale","14":"shipping-taxable","15":"purchasable","16":"product-type-simple","17":"col","18":"span_1_of_3","19":"wvn-content-left","20":"wvn-thumbs-layout-horizontal","21":"wvn-btn-normal","22":"wvn-tabs-layout-horizontal","23":"has-no-thumbnails","24":"circle-sale"},"_links":{"self":[{"href":"https:\/\/elcontainermed.com\/index.php\/wp-json\/wp\/v2\/product\/3257","targetHints":{"allow":["GET"]}}],"collection":[{"href":"https:\/\/elcontainermed.com\/index.php\/wp-json\/wp\/v2\/product"}],"about":[{"href":"https:\/\/elcontainermed.com\/index.php\/wp-json\/wp\/v2\/types\/product"}],"replies":[{"embeddable":true,"href":"https:\/\/elcontainermed.com\/index.php\/wp-json\/wp\/v2\/comments?post=3257"}],"wp:featuredmedia":[{"embeddable":true,"href":"https:\/\/elcontainermed.com\/index.php\/wp-json\/wp\/v2\/media\/3256"}],"wp:attachment":[{"href":"https:\/\/elcontainermed.com\/index.php\/wp-json\/wp\/v2\/media?parent=3257"}],"wp:term":[{"taxonomy":"product_brand","embeddable":true,"href":"https:\/\/elcontainermed.com\/index.php\/wp-json\/wp\/v2\/product_brand?post=3257"},{"taxonomy":"product_cat","embeddable":true,"href":"https:\/\/elcontainermed.com\/index.php\/wp-json\/wp\/v2\/product_cat?post=3257"},{"taxonomy":"product_tag","embeddable":true,"href":"https:\/\/elcontainermed.com\/index.php\/wp-json\/wp\/v2\/product_tag?post=3257"}],"curies":[{"name":"wp","href":"https:\/\/api.w.org\/{rel}","templated":true}]}}