{"id":330,"date":"2025-07-25T11:17:04","date_gmt":"2025-07-25T16:17:04","guid":{"rendered":"http:\/\/localhost\/elcontainer\/?post_type=product&#038;p=330"},"modified":"2025-08-29T00:12:55","modified_gmt":"2025-08-29T05:12:55","slug":"light-blue-fem","status":"publish","type":"product","link":"https:\/\/elcontainermed.com\/index.php\/producto\/light-blue-fem\/","title":{"rendered":"Light Blue Fem"},"content":{"rendered":"<p><strong>Light Blue for Her \u2013 Dolce &amp; Gabbana<\/strong><\/p>\n<p>\ud83d\udce6 <strong>Presentaci\u00f3n<\/strong>: 100 ml<\/p>\n<p>\ud83d\udca7 <strong>Concentraci\u00f3n<\/strong>: Eau de Toilette floral-frutal<\/p>\n<p>\ud83c\udf38 <strong>Notas de salida:<\/strong> Lim\u00f3n siciliano, manzana verde, campanilla, cedro<\/p>\n<p>\ud83d\udc96 <strong>Notas de coraz\u00f3n:<\/strong> Bambu, jazm\u00edn, rosa blanca<\/p>\n<p>\ud83c\udf3f <strong>Notas de fondo:<\/strong> Cedro, almizcle, \u00e1mbar<\/p>\n<p>Esta fragancia captura el esp\u00edritu del Mediterr\u00e1neo: primero brilla con c\u00edtricos refrescantes y manzana crujiente, evoluciona hacia un coraz\u00f3n floral limpio, y se posa en una base amaderada delicada que deja una estela luminosa y refrescante.<\/p>\n","protected":false},"excerpt":{"rendered":"<p>Radiante como un d\u00eda en San Andr\u00e9s: c\u00edtricos chispeantes sobre una estela amaderada luminosa.<\/p>\n","protected":false},"featured_media":371,"comment_status":"open","ping_status":"closed","template":"","meta":{"_joinchat":[]},"product_brand":[94],"product_cat":[17],"product_tag":[],"class_list":{"0":"post-330","1":"product","2":"type-product","3":"status-publish","4":"has-post-thumbnail","6":"product_brand-dolce-gabbana","7":"product_cat-mujer","8":"entry","9":"has-media","11":"first","12":"instock","13":"shipping-taxable","14":"purchasable","15":"product-type-simple","16":"col","17":"span_1_of_3","18":"wvn-content-left","19":"wvn-thumbs-layout-horizontal","20":"wvn-btn-normal","21":"wvn-tabs-layout-horizontal","22":"has-no-thumbnails","23":"circle-sale"},"_links":{"self":[{"href":"https:\/\/elcontainermed.com\/index.php\/wp-json\/wp\/v2\/product\/330","targetHints":{"allow":["GET"]}}],"collection":[{"href":"https:\/\/elcontainermed.com\/index.php\/wp-json\/wp\/v2\/product"}],"about":[{"href":"https:\/\/elcontainermed.com\/index.php\/wp-json\/wp\/v2\/types\/product"}],"replies":[{"embeddable":true,"href":"https:\/\/elcontainermed.com\/index.php\/wp-json\/wp\/v2\/comments?post=330"}],"wp:featuredmedia":[{"embeddable":true,"href":"https:\/\/elcontainermed.com\/index.php\/wp-json\/wp\/v2\/media\/371"}],"wp:attachment":[{"href":"https:\/\/elcontainermed.com\/index.php\/wp-json\/wp\/v2\/media?parent=330"}],"wp:term":[{"taxonomy":"product_brand","embeddable":true,"href":"https:\/\/elcontainermed.com\/index.php\/wp-json\/wp\/v2\/product_brand?post=330"},{"taxonomy":"product_cat","embeddable":true,"href":"https:\/\/elcontainermed.com\/index.php\/wp-json\/wp\/v2\/product_cat?post=330"},{"taxonomy":"product_tag","embeddable":true,"href":"https:\/\/elcontainermed.com\/index.php\/wp-json\/wp\/v2\/product_tag?post=330"}],"curies":[{"name":"wp","href":"https:\/\/api.w.org\/{rel}","templated":true}]}}