{"id":338,"date":"2025-07-25T11:17:05","date_gmt":"2025-07-25T16:17:05","guid":{"rendered":"http:\/\/localhost\/elcontainer\/?post_type=product&#038;p=338"},"modified":"2025-08-29T13:08:30","modified_gmt":"2025-08-29T18:08:30","slug":"omnia-pink","status":"publish","type":"product","link":"https:\/\/elcontainermed.com\/index.php\/producto\/omnia-pink\/","title":{"rendered":"Omnia Pink"},"content":{"rendered":"<p><strong>Omnia Pink Sapphire \u2013 Bvlgari<\/strong><\/p>\n<p>\ud83d\udce6 <strong>Presentaci\u00f3n<\/strong>: 65 ml<\/p>\n<p>\ud83d\udca7 <strong>Concentraci\u00f3n<\/strong>: Eau de Toilette<\/p>\n<p>\ud83c\udf38 <strong>Notas de salida:<\/strong> Pomelo rosa, pimienta rosa<\/p>\n<p>\ud83d\udc96 <strong>Notas de coraz\u00f3n:<\/strong> Frangipani (plumeria), flor de tiar\u00e9, durazno, rosa<\/p>\n<p>\ud83c\udf3f <strong>Notas de fondo:<\/strong> Vainilla, almizcle, violeta, maderas modernas (s\u00e1ndalo, ra\u00edz de lirio)<\/p>\n<p>Una fragancia juvenil que brilla con una apertura chispeante de pomelo rosa y pimienta, se despliega en un coraz\u00f3n ex\u00f3tico y vibrante con frangipani, tiar\u00e9 y durazno, y se posa suavemente sobre una base dulce de vainilla y almizcle, con maderas delicadas que aportan calidez sutil.<\/p>\n","protected":false},"excerpt":{"rendered":"<p>Radiante y luminosa, como un batido frutal ex\u00f3tico con final cremoso y acogedor.<\/p>\n","protected":false},"featured_media":379,"comment_status":"open","ping_status":"closed","template":"","meta":{"_joinchat":[]},"product_brand":[80],"product_cat":[17],"product_tag":[],"class_list":{"0":"post-338","1":"product","2":"type-product","3":"status-publish","4":"has-post-thumbnail","6":"product_brand-bvlgari","7":"product_cat-mujer","8":"entry","9":"has-media","11":"first","12":"instock","13":"shipping-taxable","14":"purchasable","15":"product-type-simple","16":"col","17":"span_1_of_3","18":"wvn-content-left","19":"wvn-thumbs-layout-horizontal","20":"wvn-btn-normal","21":"wvn-tabs-layout-horizontal","22":"has-no-thumbnails","23":"circle-sale"},"_links":{"self":[{"href":"https:\/\/elcontainermed.com\/index.php\/wp-json\/wp\/v2\/product\/338","targetHints":{"allow":["GET"]}}],"collection":[{"href":"https:\/\/elcontainermed.com\/index.php\/wp-json\/wp\/v2\/product"}],"about":[{"href":"https:\/\/elcontainermed.com\/index.php\/wp-json\/wp\/v2\/types\/product"}],"replies":[{"embeddable":true,"href":"https:\/\/elcontainermed.com\/index.php\/wp-json\/wp\/v2\/comments?post=338"}],"wp:featuredmedia":[{"embeddable":true,"href":"https:\/\/elcontainermed.com\/index.php\/wp-json\/wp\/v2\/media\/379"}],"wp:attachment":[{"href":"https:\/\/elcontainermed.com\/index.php\/wp-json\/wp\/v2\/media?parent=338"}],"wp:term":[{"taxonomy":"product_brand","embeddable":true,"href":"https:\/\/elcontainermed.com\/index.php\/wp-json\/wp\/v2\/product_brand?post=338"},{"taxonomy":"product_cat","embeddable":true,"href":"https:\/\/elcontainermed.com\/index.php\/wp-json\/wp\/v2\/product_cat?post=338"},{"taxonomy":"product_tag","embeddable":true,"href":"https:\/\/elcontainermed.com\/index.php\/wp-json\/wp\/v2\/product_tag?post=338"}],"curies":[{"name":"wp","href":"https:\/\/api.w.org\/{rel}","templated":true}]}}