{"id":506,"date":"2025-07-25T11:19:51","date_gmt":"2025-07-25T16:19:51","guid":{"rendered":"http:\/\/localhost\/elcontainer\/?post_type=product&#038;p=506"},"modified":"2025-08-27T22:19:09","modified_gmt":"2025-08-28T03:19:09","slug":"valentino-born-in-roma","status":"publish","type":"product","link":"https:\/\/elcontainermed.com\/index.php\/producto\/valentino-born-in-roma\/","title":{"rendered":"Valentino Born In Roma"},"content":{"rendered":"<p><strong>Valentino Born In Roma<\/strong><\/p>\n<p>\ud83d\udce6 <strong>Presentaci\u00f3n<\/strong>: 100 ml<\/p>\n<p>\ud83d\udca7 <strong>Concentraci\u00f3n<\/strong>: Eau de Parfum<\/p>\n<p>\ud83c\udf38 <strong>Notas de salida:<\/strong> Grosella negra, pimienta rosa, bergamota<\/p>\n<p>\ud83d\udc96 <strong>Notas de coraz\u00f3n:<\/strong> Jazm\u00edn (Jasmine grandiflorum), jazm\u00edn sambac, t\u00e9 de jazm\u00edn<\/p>\n<p>\ud83c\udf3f <strong>Notas de fondo:<\/strong> Vainilla Bourbon, cachemira, madera de gaiac<\/p>\n<p>Fragancia oriental floral femenina que abre con una chispa dulce y especiada gracias a la grosella negra y la pimienta rosa. En su coraz\u00f3n se despliegan densas capas florales luminosas de jazm\u00edn y t\u00e9 de jazm\u00edn, asent\u00e1ndose sobre una base c\u00e1lida y elegante de vainilla Bourbon, cachemira y madera de gaiac.<\/p>\n","protected":false},"excerpt":{"rendered":"<p>Elegante y moderna, mezcla frutales vibrantes y jazm\u00edn cremoso con una base c\u00e1lida y suave de vainilla y madera.<\/p>\n","protected":false},"featured_media":2968,"comment_status":"open","ping_status":"closed","template":"","meta":{"_joinchat":[]},"product_brand":[109],"product_cat":[16],"product_tag":[],"class_list":{"0":"post-506","1":"product","2":"type-product","3":"status-publish","4":"has-post-thumbnail","6":"product_brand-valentino","7":"product_cat-hombre","8":"entry","9":"has-media","11":"first","12":"instock","13":"shipping-taxable","14":"purchasable","15":"product-type-simple","16":"col","17":"span_1_of_3","18":"wvn-content-left","19":"wvn-thumbs-layout-horizontal","20":"wvn-btn-normal","21":"wvn-tabs-layout-horizontal","22":"has-no-thumbnails","23":"circle-sale"},"_links":{"self":[{"href":"https:\/\/elcontainermed.com\/index.php\/wp-json\/wp\/v2\/product\/506","targetHints":{"allow":["GET"]}}],"collection":[{"href":"https:\/\/elcontainermed.com\/index.php\/wp-json\/wp\/v2\/product"}],"about":[{"href":"https:\/\/elcontainermed.com\/index.php\/wp-json\/wp\/v2\/types\/product"}],"replies":[{"embeddable":true,"href":"https:\/\/elcontainermed.com\/index.php\/wp-json\/wp\/v2\/comments?post=506"}],"wp:featuredmedia":[{"embeddable":true,"href":"https:\/\/elcontainermed.com\/index.php\/wp-json\/wp\/v2\/media\/2968"}],"wp:attachment":[{"href":"https:\/\/elcontainermed.com\/index.php\/wp-json\/wp\/v2\/media?parent=506"}],"wp:term":[{"taxonomy":"product_brand","embeddable":true,"href":"https:\/\/elcontainermed.com\/index.php\/wp-json\/wp\/v2\/product_brand?post=506"},{"taxonomy":"product_cat","embeddable":true,"href":"https:\/\/elcontainermed.com\/index.php\/wp-json\/wp\/v2\/product_cat?post=506"},{"taxonomy":"product_tag","embeddable":true,"href":"https:\/\/elcontainermed.com\/index.php\/wp-json\/wp\/v2\/product_tag?post=506"}],"curies":[{"name":"wp","href":"https:\/\/api.w.org\/{rel}","templated":true}]}}