{"id":525,"date":"2025-07-25T11:20:14","date_gmt":"2025-07-25T16:20:14","guid":{"rendered":"http:\/\/localhost\/elcontainer\/?post_type=product&#038;p=525"},"modified":"2025-08-31T16:48:45","modified_gmt":"2025-08-31T21:48:45","slug":"bharara-rose","status":"publish","type":"product","link":"https:\/\/elcontainermed.com\/index.php\/producto\/bharara-rose\/","title":{"rendered":"Bharara Ros\u00e9"},"content":{"rendered":"<p><strong>Bharara Ros\u00e9<\/strong><\/p>\n<p>\ud83d\udce6 <strong>Presentaci\u00f3n<\/strong>: 100 ml<\/p>\n<p>\ud83d\udca7 <strong>Concentraci\u00f3n<\/strong>: Eau de Parfum<\/p>\n<p>\ud83c\udf38 <strong>Notas de salida:<\/strong> Lichi, pera y bergamota<\/p>\n<p>\ud83d\udc96 <strong>Notas de coraz\u00f3n:<\/strong> Rosa turca, peon\u00eda (o incienso\/oud seg\u00fan fuentes)<\/p>\n<p>\ud83c\udf3f <strong>Notas de fondo:<\/strong> Vainilla, \u00e1mbar, maderas (como cedro o cachemira)<\/p>\n<p>Fragancia femenina y sofisticada que abre con una combinaci\u00f3n frutal jugosa de lichi, pera y bergamota. Su coraz\u00f3n floral elegante combina rosas turcas y peon\u00eda con un matiz ahumado de oud o incienso, asent\u00e1ndose sobre una base c\u00e1lida y envolvente de vainilla, \u00e1mbar y maderas refinadas.<\/p>\n","protected":false},"excerpt":{"rendered":"<p>Elegante y femenina, fusiona rosas jugosas y flores delicadas con una base c\u00e1lida de vainilla y madera.<\/p>\n","protected":false},"featured_media":2932,"comment_status":"open","ping_status":"closed","template":"","meta":{"_joinchat":[]},"product_brand":[75],"product_cat":[17],"product_tag":[],"class_list":{"0":"post-525","1":"product","2":"type-product","3":"status-publish","4":"has-post-thumbnail","6":"product_brand-bharara","7":"product_cat-mujer","8":"entry","9":"has-media","11":"first","12":"instock","13":"sale","14":"shipping-taxable","15":"purchasable","16":"product-type-simple","17":"col","18":"span_1_of_3","19":"wvn-content-left","20":"wvn-thumbs-layout-horizontal","21":"wvn-btn-normal","22":"wvn-tabs-layout-horizontal","23":"has-no-thumbnails","24":"circle-sale"},"_links":{"self":[{"href":"https:\/\/elcontainermed.com\/index.php\/wp-json\/wp\/v2\/product\/525","targetHints":{"allow":["GET"]}}],"collection":[{"href":"https:\/\/elcontainermed.com\/index.php\/wp-json\/wp\/v2\/product"}],"about":[{"href":"https:\/\/elcontainermed.com\/index.php\/wp-json\/wp\/v2\/types\/product"}],"replies":[{"embeddable":true,"href":"https:\/\/elcontainermed.com\/index.php\/wp-json\/wp\/v2\/comments?post=525"}],"wp:featuredmedia":[{"embeddable":true,"href":"https:\/\/elcontainermed.com\/index.php\/wp-json\/wp\/v2\/media\/2932"}],"wp:attachment":[{"href":"https:\/\/elcontainermed.com\/index.php\/wp-json\/wp\/v2\/media?parent=525"}],"wp:term":[{"taxonomy":"product_brand","embeddable":true,"href":"https:\/\/elcontainermed.com\/index.php\/wp-json\/wp\/v2\/product_brand?post=525"},{"taxonomy":"product_cat","embeddable":true,"href":"https:\/\/elcontainermed.com\/index.php\/wp-json\/wp\/v2\/product_cat?post=525"},{"taxonomy":"product_tag","embeddable":true,"href":"https:\/\/elcontainermed.com\/index.php\/wp-json\/wp\/v2\/product_tag?post=525"}],"curies":[{"name":"wp","href":"https:\/\/api.w.org\/{rel}","templated":true}]}}