{"id":527,"date":"2025-07-25T11:20:14","date_gmt":"2025-07-25T16:20:14","guid":{"rendered":"http:\/\/localhost\/elcontainer\/?post_type=product&#038;p=527"},"modified":"2025-09-04T20:52:31","modified_gmt":"2025-09-05T01:52:31","slug":"invictus-onyx","status":"publish","type":"product","link":"https:\/\/elcontainermed.com\/index.php\/producto\/invictus-onyx\/","title":{"rendered":"Invictus Onyx"},"content":{"rendered":"<p><strong>Invictus Onyx<\/strong><\/p>\n<p>\ud83d\udce6 <strong>Presentaci\u00f3n<\/strong>: 100 ml<\/p>\n<p>\ud83d\udca7 <strong>Concentraci\u00f3n<\/strong>: Eau de Toilette (EDT)<\/p>\n<p>\ud83c\udf38 <strong>Notas de salida:<\/strong> Notas marinas, pomelo y mandarina<\/p>\n<p>\ud83d\udc96 <strong>Notas de coraz\u00f3n:<\/strong> Jazm\u00edn y laurel<\/p>\n<p>\ud83c\udf3f <strong>Notas de fondo:<\/strong> \u00c1mbar gris, pachul\u00ed, madera de gaiac y musgo<\/p>\n<p>Fragancia masculina fresca y sofisticada: comienza con una estela vibrante y marina, c\u00edtrica y chispeante; evoluciona hacia un centro arom\u00e1tico y especiado con jazm\u00edn y laurel; finalmente, se asienta en una base profunda y c\u00e1lida de madera y \u00e1mbar.<\/p>\n","protected":false},"excerpt":{"rendered":"<p>Fresco y en\u00e9rgico, con c\u00edtricos marinos y un fondo c\u00e1lido y masculino de madera y \u00e1mbar.<\/p>\n","protected":false},"featured_media":3218,"comment_status":"open","ping_status":"closed","template":"","meta":{"_joinchat":[]},"product_brand":[77],"product_cat":[16],"product_tag":[],"class_list":{"0":"post-527","1":"product","2":"type-product","3":"status-publish","4":"has-post-thumbnail","6":"product_brand-paco-rabanne","7":"product_cat-hombre","8":"entry","9":"has-media","11":"first","12":"instock","13":"shipping-taxable","14":"purchasable","15":"product-type-simple","16":"col","17":"span_1_of_3","18":"wvn-content-left","19":"wvn-thumbs-layout-horizontal","20":"wvn-btn-normal","21":"wvn-tabs-layout-horizontal","22":"has-no-thumbnails","23":"circle-sale"},"_links":{"self":[{"href":"https:\/\/elcontainermed.com\/index.php\/wp-json\/wp\/v2\/product\/527","targetHints":{"allow":["GET"]}}],"collection":[{"href":"https:\/\/elcontainermed.com\/index.php\/wp-json\/wp\/v2\/product"}],"about":[{"href":"https:\/\/elcontainermed.com\/index.php\/wp-json\/wp\/v2\/types\/product"}],"replies":[{"embeddable":true,"href":"https:\/\/elcontainermed.com\/index.php\/wp-json\/wp\/v2\/comments?post=527"}],"wp:featuredmedia":[{"embeddable":true,"href":"https:\/\/elcontainermed.com\/index.php\/wp-json\/wp\/v2\/media\/3218"}],"wp:attachment":[{"href":"https:\/\/elcontainermed.com\/index.php\/wp-json\/wp\/v2\/media?parent=527"}],"wp:term":[{"taxonomy":"product_brand","embeddable":true,"href":"https:\/\/elcontainermed.com\/index.php\/wp-json\/wp\/v2\/product_brand?post=527"},{"taxonomy":"product_cat","embeddable":true,"href":"https:\/\/elcontainermed.com\/index.php\/wp-json\/wp\/v2\/product_cat?post=527"},{"taxonomy":"product_tag","embeddable":true,"href":"https:\/\/elcontainermed.com\/index.php\/wp-json\/wp\/v2\/product_tag?post=527"}],"curies":[{"name":"wp","href":"https:\/\/api.w.org\/{rel}","templated":true}]}}