{"id":528,"date":"2025-07-25T11:20:14","date_gmt":"2025-07-25T16:20:14","guid":{"rendered":"http:\/\/localhost\/elcontainer\/?post_type=product&#038;p=528"},"modified":"2025-08-27T20:59:17","modified_gmt":"2025-08-28T01:59:17","slug":"ch-good-girl-very","status":"publish","type":"product","link":"https:\/\/elcontainermed.com\/index.php\/producto\/ch-good-girl-very\/","title":{"rendered":"CH Good Girl Very"},"content":{"rendered":"<p><strong>Very Good Girl \u2013 Carolina Herrera<\/strong><\/p>\n<p>\ud83d\udce6 <strong>Presentaci\u00f3n<\/strong>: 80 ml<\/p>\n<p>\ud83d\udca7 <strong>Concentraci\u00f3n<\/strong>: Eau de Parfum<\/p>\n<p>\ud83c\udf38 <strong>Notas de salida:<\/strong> Grosella roja (red currant) y lichi (lychee)<\/p>\n<p>\ud83d\udc96 <strong>Notas de coraz\u00f3n:<\/strong> Rosa<\/p>\n<p>\ud83c\udf3f <strong>Notas de fondo:<\/strong> Vainilla y vetiver<\/p>\n<p>Fragancia floral-frutada moderna que arranca con una chispa frutal de grosella roja y lichi, evoluciona hacia un coraz\u00f3n rom\u00e1ntico de rosa cremosa, y se posa finalmente en una base c\u00e1lida y elegante de vainilla y vetiver.<\/p>\n","protected":false},"excerpt":{"rendered":"<p>Rom\u00e1ntica y fresca, combina frutales vibrantes con una elegante rosa sobre una base c\u00e1lida y sofisticada de vainilla y vetiver.<\/p>\n","protected":false},"featured_media":2939,"comment_status":"open","ping_status":"closed","template":"","meta":{"_joinchat":[]},"product_brand":[67],"product_cat":[17],"product_tag":[],"class_list":{"0":"post-528","1":"product","2":"type-product","3":"status-publish","4":"has-post-thumbnail","6":"product_brand-carolina-herrera","7":"product_cat-mujer","8":"entry","9":"has-media","11":"first","12":"instock","13":"shipping-taxable","14":"purchasable","15":"product-type-simple","16":"col","17":"span_1_of_3","18":"wvn-content-left","19":"wvn-thumbs-layout-horizontal","20":"wvn-btn-normal","21":"wvn-tabs-layout-horizontal","22":"has-no-thumbnails","23":"circle-sale"},"_links":{"self":[{"href":"https:\/\/elcontainermed.com\/index.php\/wp-json\/wp\/v2\/product\/528","targetHints":{"allow":["GET"]}}],"collection":[{"href":"https:\/\/elcontainermed.com\/index.php\/wp-json\/wp\/v2\/product"}],"about":[{"href":"https:\/\/elcontainermed.com\/index.php\/wp-json\/wp\/v2\/types\/product"}],"replies":[{"embeddable":true,"href":"https:\/\/elcontainermed.com\/index.php\/wp-json\/wp\/v2\/comments?post=528"}],"wp:featuredmedia":[{"embeddable":true,"href":"https:\/\/elcontainermed.com\/index.php\/wp-json\/wp\/v2\/media\/2939"}],"wp:attachment":[{"href":"https:\/\/elcontainermed.com\/index.php\/wp-json\/wp\/v2\/media?parent=528"}],"wp:term":[{"taxonomy":"product_brand","embeddable":true,"href":"https:\/\/elcontainermed.com\/index.php\/wp-json\/wp\/v2\/product_brand?post=528"},{"taxonomy":"product_cat","embeddable":true,"href":"https:\/\/elcontainermed.com\/index.php\/wp-json\/wp\/v2\/product_cat?post=528"},{"taxonomy":"product_tag","embeddable":true,"href":"https:\/\/elcontainermed.com\/index.php\/wp-json\/wp\/v2\/product_tag?post=528"}],"curies":[{"name":"wp","href":"https:\/\/api.w.org\/{rel}","templated":true}]}}