{"id":529,"date":"2025-07-25T11:20:14","date_gmt":"2025-07-25T16:20:14","guid":{"rendered":"http:\/\/localhost\/elcontainer\/?post_type=product&#038;p=529"},"modified":"2025-08-27T20:27:11","modified_gmt":"2025-08-28T01:27:11","slug":"212-vip-men-wins","status":"publish","type":"product","link":"https:\/\/elcontainermed.com\/index.php\/producto\/212-vip-men-wins\/","title":{"rendered":"212 Vip Men Wins"},"content":{"rendered":"<p><strong>212 VIP Men Wins<\/strong><\/p>\n<p>\ud83d\udce6 <strong>Presentaci\u00f3n<\/strong>: 100 ml<\/p>\n<p>\ud83d\udca7 <strong>Concentraci\u00f3n<\/strong>: Eau de Parfum<\/p>\n<p>\ud83c\udf38 <strong>Notas de salida:<\/strong> Yuzu, albahaca, mandarina naranja<\/p>\n<p>\ud83d\udc96 <strong>Notas de coraz\u00f3n:<\/strong> Pimienta de Madagascar, lavanda<\/p>\n<p>\ud83c\udf3f <strong>Notas de fondo:<\/strong> Acorde piel (skin), haba tonka<\/p>\n<p>Fragancia arom\u00e1tica foug\u00e8re fresca y moderna, con un arranque chispeante y verde que evoluciona hacia un coraz\u00f3n especiado y arom\u00e1tico, asent\u00e1ndose en una base c\u00e1lida y sensual de piel y tonka.<\/p>\n","protected":false},"excerpt":{"rendered":"<p>En\u00e9rgica y sofisticada, combina c\u00edtricos frescos y lavanda con un fondo sensual de piel y haba tonka.<\/p>\n","protected":false},"featured_media":2922,"comment_status":"open","ping_status":"closed","template":"","meta":{"_joinchat":[]},"product_brand":[67],"product_cat":[16],"product_tag":[],"class_list":{"0":"post-529","1":"product","2":"type-product","3":"status-publish","4":"has-post-thumbnail","6":"product_brand-carolina-herrera","7":"product_cat-hombre","8":"entry","9":"has-media","11":"first","12":"instock","13":"shipping-taxable","14":"purchasable","15":"product-type-simple","16":"col","17":"span_1_of_3","18":"wvn-content-left","19":"wvn-thumbs-layout-horizontal","20":"wvn-btn-normal","21":"wvn-tabs-layout-horizontal","22":"has-no-thumbnails","23":"circle-sale"},"_links":{"self":[{"href":"https:\/\/elcontainermed.com\/index.php\/wp-json\/wp\/v2\/product\/529","targetHints":{"allow":["GET"]}}],"collection":[{"href":"https:\/\/elcontainermed.com\/index.php\/wp-json\/wp\/v2\/product"}],"about":[{"href":"https:\/\/elcontainermed.com\/index.php\/wp-json\/wp\/v2\/types\/product"}],"replies":[{"embeddable":true,"href":"https:\/\/elcontainermed.com\/index.php\/wp-json\/wp\/v2\/comments?post=529"}],"wp:featuredmedia":[{"embeddable":true,"href":"https:\/\/elcontainermed.com\/index.php\/wp-json\/wp\/v2\/media\/2922"}],"wp:attachment":[{"href":"https:\/\/elcontainermed.com\/index.php\/wp-json\/wp\/v2\/media?parent=529"}],"wp:term":[{"taxonomy":"product_brand","embeddable":true,"href":"https:\/\/elcontainermed.com\/index.php\/wp-json\/wp\/v2\/product_brand?post=529"},{"taxonomy":"product_cat","embeddable":true,"href":"https:\/\/elcontainermed.com\/index.php\/wp-json\/wp\/v2\/product_cat?post=529"},{"taxonomy":"product_tag","embeddable":true,"href":"https:\/\/elcontainermed.com\/index.php\/wp-json\/wp\/v2\/product_tag?post=529"}],"curies":[{"name":"wp","href":"https:\/\/api.w.org\/{rel}","templated":true}]}}