{"id":91,"date":"2025-07-25T11:13:13","date_gmt":"2025-07-25T16:13:13","guid":{"rendered":"http:\/\/localhost\/elcontainer\/?post_type=product&#038;p=91"},"modified":"2025-08-31T00:18:26","modified_gmt":"2025-08-31T05:18:26","slug":"creed-silver-mountain","status":"publish","type":"product","link":"https:\/\/elcontainermed.com\/index.php\/producto\/creed-silver-mountain\/","title":{"rendered":"Creed Silver Mountain"},"content":{"rendered":"<p><strong>Creed Silver Mountain Water<\/strong><\/p>\n<p>\ud83d\udce6 <strong>Presentaci\u00f3n<\/strong>: 100 ml<\/p>\n<p>\ud83d\udca7 <strong>Concentraci\u00f3n<\/strong>: Eau de Parfum \u2013 Arom\u00e1tico Acu\u00e1tico<\/p>\n<p>\ud83c\udf38 <strong>Notas de salida:<\/strong> Bergamota, mandarina<\/p>\n<p>\ud83d\udc96 <strong>Notas de coraz\u00f3n:<\/strong> T\u00e9 verde, grosella negra<\/p>\n<p>\ud83c\udf3f <strong>Notas de fondo:<\/strong> Almizcle, s\u00e1ndalo, g\u00e1lbano<\/p>\n<p>Un perfume fresco y vibrante que evoca la pureza de los r\u00edos de monta\u00f1a. Combina c\u00edtricos brillantes y un coraz\u00f3n herbal con un fondo limpio y elegante.<\/p>\n","protected":false},"excerpt":{"rendered":"<p>Un aroma puro y revitalizante que transmite frescura y energ\u00eda en cada instante.<\/p>\n","protected":false},"featured_media":146,"comment_status":"open","ping_status":"closed","template":"","meta":{"_joinchat":[]},"product_brand":[85],"product_cat":[16,17,63],"product_tag":[],"class_list":{"0":"post-91","1":"product","2":"type-product","3":"status-publish","4":"has-post-thumbnail","6":"product_brand-creed","7":"product_cat-hombre","8":"product_cat-mujer","9":"product_cat-unisex","10":"entry","11":"has-media","13":"first","14":"instock","15":"shipping-taxable","16":"purchasable","17":"product-type-simple","18":"col","19":"span_1_of_3","20":"wvn-content-left","21":"wvn-thumbs-layout-horizontal","22":"wvn-btn-normal","23":"wvn-tabs-layout-horizontal","24":"has-no-thumbnails","25":"circle-sale"},"_links":{"self":[{"href":"https:\/\/elcontainermed.com\/index.php\/wp-json\/wp\/v2\/product\/91","targetHints":{"allow":["GET"]}}],"collection":[{"href":"https:\/\/elcontainermed.com\/index.php\/wp-json\/wp\/v2\/product"}],"about":[{"href":"https:\/\/elcontainermed.com\/index.php\/wp-json\/wp\/v2\/types\/product"}],"replies":[{"embeddable":true,"href":"https:\/\/elcontainermed.com\/index.php\/wp-json\/wp\/v2\/comments?post=91"}],"wp:featuredmedia":[{"embeddable":true,"href":"https:\/\/elcontainermed.com\/index.php\/wp-json\/wp\/v2\/media\/146"}],"wp:attachment":[{"href":"https:\/\/elcontainermed.com\/index.php\/wp-json\/wp\/v2\/media?parent=91"}],"wp:term":[{"taxonomy":"product_brand","embeddable":true,"href":"https:\/\/elcontainermed.com\/index.php\/wp-json\/wp\/v2\/product_brand?post=91"},{"taxonomy":"product_cat","embeddable":true,"href":"https:\/\/elcontainermed.com\/index.php\/wp-json\/wp\/v2\/product_cat?post=91"},{"taxonomy":"product_tag","embeddable":true,"href":"https:\/\/elcontainermed.com\/index.php\/wp-json\/wp\/v2\/product_tag?post=91"}],"curies":[{"name":"wp","href":"https:\/\/api.w.org\/{rel}","templated":true}]}}